prime?
False
Is 14957633 a prime number?
True
Is 1414079 a composite number?
True
Is 1136281 composite?
True
Is 89284178 a composite number?
True
Is 91853267 composite?
True
Is 203991389 prime?
False
Is 3106619 a composite number?
True
Is 3811534 a prime number?
False
Is 30936383 a composite number?
False
Is 57973637 a composite number?
True
Is 50229317 a prime number?
False
Is 25786019 composite?
True
Is 2165441 composite?
True
Is 3691147 composite?
False
Is 45565957 a prime number?
True
Is 108457819 prime?
True
Is 2977693 a composite number?
False
Is 27972043 a composite number?
True
Is 664979323 a prime number?
True
Is 2273363 composite?
False
Is 139242689 a composite number?
False
Is 136459177 a composite number?
False
Is 33563377 a composite number?
False
Is 12821851 a composite number?
True
Is 6720841 a composite number?
False
Is 837827 prime?
False
Is 808733 prime?
True
Is 10305431 prime?
True
Is 49310189 a composite number?
False
Is 857851 prime?
True
Is 9106387 prime?
False
Is 475219 prime?
True
Is 19211341 prime?
False
Is 478251313 prime?
True
Is 353250973 a composite number?
True
Is 41774717 a composite number?
True
Is 1783189 a prime number?
True
Is 525415279 composite?
False
Is 2187343 a prime number?
True
Is 3873991 a prime number?
False
Is 835084259 composite?
True
Is 30355847 a prime number?
True
Is 157067441 prime?
False
Is 2196475417 a prime number?
True
Is 32087831 a composite number?
True
Is 6535501 a prime number?
False
Is 2532823 prime?
True
Is 3723121 a composite number?
False
Is 7843285 a composite number?
True
Is 322443799 composite?
True
Is 38880263 a composite number?
False
Is 3761587 composite?
True
Is 7195237 prime?
False
Is 116719 composite?
False
Is 734243 a prime number?
False
Is 1282057 prime?
False
Is 492144823 a composite number?
True
Is 38663035 prime?
False
Is 159483197 a composite number?
False
Is 115889351 a prime number?
True
Is 603578 a prime number?
False
Is 662349 composite?
True
Is 14742029 composite?
False
Is 9103687 a prime number?
False
Is 33405167 a prime number?
False
Is 3911183 prime?
False
Is 6758417 composite?
True
Is 8609 composite?
False
Is 99923 a prime number?
True
Is 23069033 composite?
True
Is 9765181 a prime number?
True
Is 2474939 composite?
False
Is 12024407 a prime number?
True
Is 1572841 a prime number?
True
Is 52433 a prime number?
True
Is 20264339 composite?
False
Is 51540143 prime?
False
Is 1922891 a composite number?
False
Is 1037851 a composite number?
True
Is 299179 a prime number?
True
Is 18685799 composite?
True
Is 26395097 a composite number?
True
Is 200500549 prime?
True
Is 4098211 a prime number?
False
Is 14814083 a prime number?
False
Is 2446679 prime?
False
Is 11894143 a composite number?
True
Is 625153 a prime number?
False
Is 205365449 a prime number?
True
Is 232619 a prime number?
False
Is 432477751 a prime number?
False
Is 17551077 a composite number?
True
Is 4042957 a prime number?
False
Is 746869 a prime number?
True
Is 223058905 composite?
True
Is 212929 a composite number?
True
Is 16943587 composite?
False
Is 4603649 a prime number?
False
Is 10048109 a prime number?
True
Is 2982433 a composite number?
True
Is 4741235 a prime number?
False
Is 29603141 a composite number?
False
Is 637826807 composite?
False
Is 111015839 composite?
True
Is 1537457 a composite number?
False
Is 89421437 a composite number?
True
Is 419999 prime?
True
Is 9866863 a composite number?
True
Is 299249 composite?
True
Is 1568597 prime?
False
Is 36004937 a prime number?
True
Is 95280569 composite?
False
Is 9671635 a composite number?
True
Is 2675249 a prime number?
True
Is 167148901 a prime number?
True
Is 21757597 a composite number?
False
Is 330554221 composite?
True
Is 3140923 a prime number?
False
Is 14419957 a composite number?
False
Is 45124663 prime?
False
Is 197344501 a composite number?
True
Is 6718549 prime?
False
Is 1561009 a composite number?
True
Is 80058481 a prime number?
False
Is 15832798 a prime number?
False
Is 3173267 composite?
True
Is 29411051 a prime number?
True
Is 5852501 composite?
False
Is 7721041 prime?
False
Is 368887 a prime number?
False
Is 15399781 prime?
True
Is 22817755 a composite number?
True
Is 2670389 a composite number?
True
Is 4508879 prime?
True
Is 193243439 a composite number?
False
Is 7192529 a composite number?
False
Is 41258249 a composite number?
True
Is 791617 prime?
False
Is 15316621 composite?
True
Is 13270307 composite?
False
Is 298336333 a composite number?
True
Is 22889011 a prime number?
True
Is 37335059 prime?
False
Is 208433 prime?
True
Is 197715403 composite?
True
Is 74826781 a composite number?
False
Is 9236963 composite?
False
Is 988981 composite?
True
Is 152403673 prime?
False
Is 26214743 composite?
False
Is 28840529 prime?
False
Is 438312059 a composite number?
False
Is 5979653 a prime number?
True
Is 24956233 a prime number?
False
Is 360139801 prime?
False
Is 13516541 a composite number?
False
Is 3173423 a composite number?
True
Is 5028059 a prime number?
True
Is 8864879 a prime number?
True
Is 3641537 a prime number?
True
Is 14488169 composite?
True
Is 303815467 a composite number?
True
Is 47156773 a prime number?
True
Is 2711977 composite?
False
Is 22397153 a prime number?
True
Is 6225559 a prime number?
False
Is 441736367 a composite number?
True
Is 1562449 a prime number?
False
Is 30653243 composite?
False
Is 1066631 composite?
True
Is 1667059 a prime number?
False
Is 14335859 prime?
False
Is 28844873 composite?
True
Is 110161663 composite?
True
Is 27918763 a composite number?
False
Is 6687073 composite?
True
Is 44604559 composite?
True
Is 22064087 a composite number?
False
Is 27286643 a prime number?
True
Is 2616967 a composite number?
True
Is 710189 a composite number?
False
Is 5282327 a prime number?
True
Is 2184179 composite?
False
Is 32702233 a prime number?
True
Is 86053267 a composite number?
False
Is 152276483 prime?
False
Is 16889693 a prime number?
False
Is 39790771 a composite number?
False
Is 25627499 a prime number?
False
Is 2685707 prime?
False
Is 234830413 prime?
True
Is 10919606 composite?
True
Is 90458078 a prime number?
False
Is 167381 a prime number?
True
Is 16640119 a composite number?
False
Is 217519891 composite?
False
Is 3164002 prime?
False
Is 232085353 prime?
True
Is 1356967 a composite number?
True
Is 816769073 a composite number?
False
Is 95165215 prime?
False
Is 165111145 a composite number?
True
Is 10154401 a composite number?
False
Is 65826763 composite?
True
Is 3614971 a prime number?
False
Is 5599423 prime?
True
Is 2674871 a composite number?
False
Is 217027 a composite number?
False
Is 128513137 a prime number?
False
Is 28867117 composite?
False
Is 16079591 composite?
True
Is 272379603 a composite number?
True
Is 4623899 a composite number?
True
Is 1823131 prime?
False
Is 1291861 a prime number?
True
Is 1440287 a composite number?
True
Is 306655 a prime number?
False
Is 73802431 a prime number?
True
Is 25530829 prime?
True
Is 2338657 a prime number?
True
Is 45436439 a prime number?
False
Is 69448541 a composite number?
True
Is 8868011 composite?
False
Is 317243401 prime?
True
Is 455978 prime?
False
Is 136946309 composite?
False
Is 869873 composite?
True
Is 6654353 a prime number?
True
Is 79967 prime?
True
Is 48970573 a prime number?
False
Is 1302517 composite?
True
Is 33976433 a composite number?
True
Is 353794291 a prime number?
True
Is 11923739 composite?
False
Is 49906907 a composite number?
True
Is 64002622 a composite number?
True
Is 4088207 a prime number?
False
Is 23021903 a prime number?
True
Is 889901 prime?
True
Is 4412443 composite?
True
Is 39959137 a prime number?
False
Is 20853769 a composite number?
True
Is 9955315 a composite number?
True
Is 79424531 a prime number?
True
Is 118145789 a composite number?
True
Is 22460267 composite?
True
Is 25656419 a composite number?
True
Is 673811 a composite number?
False
Is 17391299 a prime number?
True
Is 2393087 prime?
False
Is 7422049 prime?
True
Is 33395161 composite?
True
Is 1618793 composite?
True
Is 12940747 composite?
False
Is 3189619 prime?
True
Is 84439889 composite?
False
Is 11821569 a prime number?
False
Is 6914057 prime?
False
Is 9559777 composite?
True
Is 12815417 a composite number?
False
Is 65682091 a composite number?
True
